7/2520 + s**6/180 + s**5/120 - s**4/12 - 3*s. Let f(d) be the third derivative of h(d). Calculate f(-3).
7
Let h = -5 + 3. Let g be 1*(2 + 2/h). Let l(m) = m**2 + 1. Let v(w) = -4*w**2 + w - 5. Let c(r) = 5*l(r) + v(r). Give c(g).
2
Let c(i) be the first derivative of i**3/3 + 3*i**2/2 + 62. Suppose 2*p + 2 + 6 = 0. Give c(p).
4
Suppose -2*a + 3*u = 18, 2*a + 14 = a + 4*u. Let h(b) = -b**3 - 6*b**2 + 1. Give h(a).
1
Let z(b) = 3*b + 5. Let d(x) = 4*x + 4. Let s(q) = 3*q + 3. Let m = -7 + 4. Let f(p) = m*s(p) + 2*d(p). Let u(w) = 5*f(w) + z(w). Give u(-3).
6
Suppose -4*s - 6 + 30 = 0. Let p(n) = 11*n + n**2 - 11*n + 5 - s*n. Give p(6).
5
Let q(b) = b**2 - 4*b - 5. Suppose a - 9 + 5 = 0. Give q(a).
-5
Let f(h) = -2*h**3 + h - 1. Let y(r) = r**3 + 2*r**2 - r + 4. Let t be y(-3). Give f(t).
13
Suppose -3*r + 4*r - 5 = 0. Let d(m) = m**2 - 6*m - 3. Give d(r).
-8
Suppose a + 0 = 10. Suppose a = 2*g + 3*g. Let i(t) = -t**2 - 4*t + 3*t + 2*t**3 + 0*t**g. What is i(-1)?
-2
Let v(r) = -r. Let b(j) = 6*j + 1. Let k be b(1). Calculate v(k).
-7
Let g(d) be the first derivative of 1 - 4*d - 1/2*d**2. What is g(-3)?
-1
Let u(g) = 7*g**2 + g + 1 - g**3 - 6*g**2 + 2*g**2. Calculate u(3).
4
Let q(l) = -19*l - 1. Let t be q(1). Let o be t/90*9/(-1). Let h(u) = -u**2 - 2*u + 3. Calculate h(o).
-5
Suppose 0 = 2*b - 0 - 2. Let d(q) = 5*q**2 - q. Let i be d(b). Let a(v) be the first derivative of -v**3/3 + 3*v**2/2 + 4*v - 5. Give a(i).
0
Let z(l) be the second derivative of -l**5/20 + l**4 - 11*l**3/6 - 15*l**2/2 - l - 30. Calculate z(11).
-15
Let y(l) be the second derivative of 11*l**3/6 + l**2/2 + 21*l. What is y(-1)?
-10
Let d(v) = 4*v**3 - 8*v**2 - 9*v + 1. Let k(n) = 3*n**3 - 7*n**2 - 8*n. Let q(w) = 2*d(w) - 3*k(w). Give q(6).
2
Let i(z) = 5*z**3 - 7*z**2 - 5. Let a be ((3 - 6) + 4)*-1. Let b(q) = q**3 - q**2 - 1. Let k(l) = a*i(l) + 6*b(l). Give k(-1).
-1
Let c(s) = -s + 10. Suppose 2*x - 3*x - 2*l = -10, 0 = -2*x - l + 5. Suppose -5*j + 0*j = x. Determine c(j).
10
Let k(n) = -10*n + 5*n + 3 - 1 + n**2. Suppose 3*q = 3*f + 12, -f - 1 = q - 7. What is k(q)?
2
Let q be (2/(-3))/((-6)/(-9)). Let u(g) = -9*g**3 + g**2 - 1. Determine u(q).
9
Let l(f) = f + 4. Suppose 22 = -i - 1. Let z = 3 + 2. Let x be i/5 - 2/z. What is l(x)?
-1
Let u(h) = h - 11. Let v be u(14). Suppose -5*i + 4*i = 0. Let s(t) = t + t + i*t + 3. Give s(v).
9
Suppose 4*l - 8 = 5*z, 2*z + 2*l = -2*z + 4. Suppose -5*s + 25 = z, h - 2*h = -3*s + 17. Let o(w) = -4*w - 3. Give o(h).
5
Let b(g) be the third derivative of g**4/12 + 7*g**3/6 + 2*g**2. Calculate b(-6).
-5
Let o(p) be the second derivative of -5*p - p**3 + 1/12*p**4 + 0 + 5/2*p**2. Determine o(6).
5
Let p = 3 - 7. Suppose -4*w + 21 = w + c, -3*w - 4*c = 1. Let t(l) = 9*l + 12. Let y(g) = 14*g + 18. Let h(r) = w*y(r) - 8*t(r). Give h(p).
2
Let n = 17 - 15. Let j(l) = 5 + 3*l**2 - 4 + l + 0*l**n. Calculate j(-1).
3
Let u(z) = z**3 - 2*z**2 - z - 1. Let l = 78 + -28. Let f be (-6)/(-24) - l/8. Let n be ((-4)/f)/(3/9). Determine u(n).
-3
Let b(l) = l. Let w(m) = -m**2 - 4*m. Let y be w(-3). Let v(f) = 2 - 2*f - 2*f - y*f + f. Let k(g) = -10*b(g) - 2*v(g). Give k(4).
4
Let c(l) = 2*l**2 + 11*l - l - 11*l + 4*l**3. What is c(1)?
5
Let y = 0 + -5. Let l(t) = 2 - 2*t + 5 + 4*t. Let r be l(y). Let x(n) = -n**3 - 3*n**2 + 1. Give x(r).
1
Let p(v) = 0*v**2 + 0 - v**2 + 3 - 1 + v. Suppose 2*r + 0 = 6. Determine p(r).
-4
Let z(u) be the second derivative of u**4/12 - 7*u**3/6 + 9*u**2/2 + u. Suppose -5*f = -3*q - 15, q + 3*q = -4*f + 44. Determine z(f).
3
Let f(i) be the second derivative of -5/12*i**4 + 1/20*i**5 + 2*i + 0 + i**2 + 0*i**3. Let m(w) = w - 1. Let z be m(6). Determine f(z).
2
Let v(b) = 17*b + 1. Let j(r) = -4*r. Let k(w) = -9*j(w) - 2*v(w). What is k(5)?
8
Let c(d) = 6*d**2 - 15*d**2 + d + 8*d**2 + 1. Give c(3).
-5
Let j be (8/(-6))/2 - 242/33. Let y(n) = n**2 + 6*n - 5. Give y(j).
11
Let n(p) = 3*p**3 + p**2 - 2*p + 3. Let y(r) = 13*r**3 + 5*r**2 - 9*r + 12. Let c(v) = -9*n(v) + 2*y(v). Let m = -51 + 36. Let u be 2/10 + 3/m. What is c(u)?
-3
Suppose 3*t - 14 = -3*y - y, 2*t = 5*y - 6. Suppose 5*p - y*p = 0. Let v(n) = -5*n + 8*n - 1 + p. Calculate v(-1).
-4
Let w(c) = 5*c**2 - 4*c + 5. Let q(s) = -5*s + 7*s**2 + 0*s - 6*s + 14 + 7*s**2. Let o(n) = -4*q(n) + 11*w(n). Determine o(0).
-1
Suppose x + 0 + 5 = 0. Let v = 2 + x. Let j(g) = -g**2 - 3*g - 2. Determine j(v).
-2
Let b(u) be the first derivative of 5*u**4/2 - u**2/2 + 1. Let k = -1 - -1. Suppose 3*d - 3 = -k*d. Calculate b(d).
9
Let s(m) = m**2 + 9. Suppose 6*w = w. Let l(p) = -p + 2. Let y be l(-4). Suppose w = -y*x + x. Give s(x).
9
Let n(d) = -2*d**3 - 2*d**2 + d. Suppose -31 = -p + 3*u - 4, -56 = -4*p - u. Suppose -1 - p = -2*a. Let x = 6 - a. Determine n(x).
6
Let v(x) = -5*x**2 - 7*x - 4. Let t(l) = -2 + 2 - 1 - 4*l**2 - 3 - 7*l. Let b(y) = 4*t(y) - 3*v(y). Let j = 1 + -4. Calculate b(j).
8
Let v(o) = -4*o**2 - 6*o + 2 + 4*o**2 - o**2. Let c be 19/(-3) + 3/9. Let u(w) = 2*w + 7. Let i be u(c). Calculate v(i).
7
Let b be (-9)/(-1) - (1 + 2). Let h(x) = -2*x. Determine h(b).
-12
Let c = -8 + 4. Let j(u) = u**2 - 1. Give j(c).
15
Suppose -3*s = 3*q - 6*q + 3, 4*q + s - 4 = 0. Let z(r) = -r + 0*r + 1 - 4*r. Give z(q).
-4
Let s(c) be the second derivative of 1/12*c**4 + 0*c**2 + 0*c**3 + 0 - 3*c + 1/20*c**5. Give s(0).
0
Suppose 3*b - 8 = 4, -4*r + 24 = 3*b. Let l(v) = v**2 - 1. Let d(n) = -3*n**2 + 4*n + 3. Let z(t) = -d(t) - 2*l(t). What is z(r)?
-4
Let l be (-4)/(-18) - (-50)/18. Let i(h) = 1 - 5*h**2 + 0*h**3 + h**l + 1. Suppose 2*p + 2*p - 20 = 0. What is i(p)?
2
Let h(z) = z**2 + 5*z + 3. Let x(l) = l**2 - 6*l - 4. Let y be x(7). Let n = y + -7. Calculate h(n).
-1
Suppose -13 = k - 8. Let o(t) = -t**2 - 6*t - 5. Calculate o(k).
0
Let b(q) = -6*q - 1. Let n(a) = -5*a. Let t(h) = -3*b(h) + 4*n(h). What is t(6)?
-9
Suppose -3*g + 6 = -0. Let c = -5 - -7. Suppose b - g*b = -c. Let s(t) = -t**3 - 2*t**2 + 3*t - 1. Determine s(b).
-11
Let r(s) be the second derivative of s**5/20 - s**4/4 - 4*s**3/3 + 5*s**2/2 - 18*s. Give r(5).
15
Let q(i) = -i + 9. Suppose 35 = -3*r + 8*r. What is q(r)?
2
Suppose 1 - 5 = -j. Let v(p) = -p + 5. Determine v(j).
1
Let u(f) = 2*f**3 + 2*f - 11. Let r(a) = a**3 + a - 6. Let m(b) = 11*r(b) - 6*u(b). Suppose 8*q - 60 = 3*q. Suppose -20 = -5*h, -4*v + h - q = -h. What is m(v)?
2
Let a(n) = 4*n**3 + n**2 + 8*n + 5. Let u(l) = -2 + 4 + 9*l + 4 + 3*l**3 + 2*l**3. Let o(w) = 4*a(w) - 3*u(w). Determine o(-3).
-4
Let q(l) = -l**2 - 2*l + 7. Let v = -16 - -11. Give q(v).
-8
Let z(r) = -3*r + 1. Let f be z(-3). Let a(y) = y**2 + y + 9 + 9 - f. Determine a(0).
8
Let a be (-2)/18*83 + 10/45. Let j(h) = -h - 10. What is j(a)?
-1
Suppose 5 + 7 = -2*k. Let d(g) = -3*g - 6. What is d(k)?
12
Let p(b) = b**2 - 5*b + 6 + 6*b + b + 3*b. Calculate p(-5).
6
Suppose -8 + 2 = -3*y. Let d(f) = 10*f + 14. Let j(l) = -5*l - 7. Let r(g) = -4*d(g) - 7*j(g). Let b(z) = -2*z - 3. Let c(m) = 7*b(m) - 3*r(m). What is c(y)?
2
Let x(p) = 29*p + 35*p**2 - 15*p - 7 - 10. Suppose -4*n = -2*l + 14 - 88, 3*l + 43 = 2*n. Let o(c) = -12*c**2 - 5*c + 6. Let s(u) = n*o(u) + 6*x(u). Give s(1).
5
Let q(z) be the third derivative of -z**8/6720 + z**7/630 - z**6/240 - z**5/120 + z**4/24 + z**2. Let i(o) be the second derivative of q(o). Calculate i(3).
-1
Suppose -2*m = -5*f - 17, -5*m - 5 + 4 = 2*f. Let s(w) = 5*w**2 - 1 + 1. Give s(m).
5
Let p(h) = -h + 4. Let d(i) = -i - 4. Let g be d(-6). Suppose -3*x = -g*t + 3*t - 10, -2*t - 2*x = -8. Suppose 3*f + n = 3*n + 8, -3*n + t = 2*f. Give p(f).
2
Let u be (-14)/(-8) - 5/(-20). Suppose -k - 4 + 1 = 3*c, -u*c + 8 = 4*k. Let g(o) = -o + 3. Calculate g(k).
0
Let x(b) = b**2 + b - 2. Let c = 3 - 5. Let j(y) = -y**2 - 2*y - 3. Let n be j(c). Determine x(n).
4
Let m(a) be the second derivative of a**4/12 - a**3 + 2*a**2 - 2*a. Suppose -2*n - 2*n = -16. Give m(n).
-4
Let j(g) = 3*g. Suppose 5*z = 4*t + t, -z = 4*t - 20. Let a be (0 - t/4) + 4. Calculate j(a).
9
Let y = -39 + 34. Let f(a) = -a**2 - a + 7. Give f(y).
-13
Let q = -111 + 117. Let h(b) = -1. Let s(a) = a + 1. Let l(u) = h(u) - s(u). Calculate l(q).
-8
Let q be ((-4)/(-6))/(2/3). Let u(r) = -13*r + 1. Calculate u(q).
-12
Let f be 3*(3 + -4)*1. Let y(n) = n**3 + n**2 - n + 4. Give y(f).
-